*v + 360 = -0*v. Calculate the greatest common divisor of b and v.
10
Let p be (-182)/(-9) - (-2)/(-9). Let a(j) = 2*j**2 + 11*j + 14. Let i be a(-6). Calculate the greatest common divisor of i and p.
20
Suppose -4*a + 3*t = -208, 41 - 2 = a - 4*t. Let r(y) = -7*y - 4. Let z be r(-6). Let v = z - 16. What is the highest common factor of a and v?
11
Let s(z) = -9*z - 5*z**2 - z**3 - 6*z**2 + 3 + 2*z**2. Let l be s(-8). What is the highest common factor of 1 and l?
1
Let t be (-2 - 3) + 2 + 1. Let j be 4638/8 + t/(-8). Suppose j = 5*k - 4*o, -2*k = -k - o - 117. Calculate the highest common divisor of k and 14.
14
Let f be (2 - 0) + -5 + 3. Suppose f*n = n - 4. Calculate the highest common divisor of 16 and n.
4
Suppose v = -5*p + 81, 5*v + 88 = 4*p - 0*v. Calculate the highest common factor of 85 and p.
17
Let f = -56 + 77. What is the highest common factor of f and 84?
21
Let p be (-6 - -4)*(0 + 27/(-2)). What is the greatest common divisor of 3 and p?
3
Let r = -5 + 6. Let s be -1 - (-2 - r) - 1. Calculate the highest common divisor of s and 8.
1
Suppose 2*g - 4*q + 33 = 133, -57 = -g - 5*q. What is the greatest common factor of g and 13?
13
Let q be (-85)/(-3) - (-4)/6. Let k = -21 + q. What is the highest common divisor of k and 72?
8
Let b be 115/(-4) + 8/(-32). Let p = b + 41. What is the greatest common divisor of p and 12?
12
Let c = 81 - 21. Suppose 0 = 4*i + 55 + 145. Let a be (-24)/20*i/4. What is the highest common divisor of c and a?
15
Let v be 48/120*(-95)/(-2). Suppose 4*a - 302 = 534. What is the highest common divisor of a and v?
19
Let h be -4*(-30)/(-8)*-1. Suppose 0*x - 8*x + 1320 = 0. Calculate the highest common divisor of h and x.
15
Let j = 13 + 25. Calculate the highest common factor of 95 and j.
19
Suppose -3*p + 18 = -0*p. Suppose -f - f + 120 = 0. What is the greatest common divisor of f and p?
6
Let u be 3774/27 - (-2)/9. Calculate the greatest common factor of u and 20.
20
Suppose 2*t + 0*t = 4*a + 38, a + 5*t - 7 = 0. Let k = 18 + a. What is the greatest common divisor of k and 50?
10
Let c be 2 - -1 - (-1 + -114). Let d = -76 + c. What is the greatest common divisor of d and 6?
6
Suppose 5*g = 8*g - 312. What is the greatest common factor of g and 13?
13
Suppose -5*x - 7 = -4*x. Let r = 25 + x. Calculate the greatest common divisor of r and 54.
18
Let q = 79 - 46. Calculate the highest common factor of 22 and q.
11
Suppose -h = 3*h - 480. Calculate the highest common factor of h and 15.
15
Suppose 0*p + 6 = p. Let o be 201 - (-7 - -3)/(-4). Suppose 3*h + 111 + 93 = 4*l, -2*h - o = -4*l. What is the greatest common factor of p and l?
6
Suppose 0*u = -5*u + 5*n + 1215, 0 = 3*u - 2*n - 728. What is the highest common factor of u and 22?
22
Suppose -3*t - 76 + 163 = 0. What is the greatest common divisor of t and 87?
29
Let a be (-22)/(-2*1) - -2. Suppose 3*u - 443 = -5*b, b - u + 269 = 4*b. What is the greatest common factor of b and a?
13
Let f = 5 - 0. Suppose l = 5*h - 5, -2*h + 10 = 2*h - 2*l. Suppose h*s + 60 = 3*s. Calculate the highest common factor of s and f.
5
Suppose 24 = -2*u + 5*u. Calculate the highest common divisor of 20 and u.
4
Suppose 3*r - 2*y + 2 = 0, 0 = 3*y - 4*y + 4. Suppose q + r = 3*q. What is the greatest common divisor of 11 and q?
1
Suppose 4*n = 2*n + 6. Suppose 0 = n*i - 2*h - 421 + 28, 0 = 3*i - 4*h - 387. What is the greatest common factor of 19 and i?
19
Let i be (-3 + 8)*28/(-10). Let l = 48 + i. What is the highest common factor of 17 and l?
17
Let t be 6/15 + 252/(-30). Let u be 8 - -6*4/t. What is the greatest common divisor of 1 and u?
1
Let g = 0 + 12. Let y(x) = 3*x - 2. Let t be y(2). Calculate the greatest common divisor of g and t.
4
Suppose -a + 16 = 2*j - 4, 3*j = 6. What is the highest common factor of 6 and a?
2
Suppose -4*o - 23 = -5*d, 7*d + 5*o = 5*d + 29. Let s(u) = 5*u + 1. Let x be s(4). What is the highest common divisor of d and x?
7
Suppose -2*c + 2 = -0. Let y(h) = 5*h. Let t be y(c). Calculate the greatest common divisor of 5 and t.
5
Let y(j) = j**3 + 11*j**2 - 6*j - 6. Let w be y(-11). Calculate the greatest common factor of 40 and w.
20
Suppose -5*p - 4*l - 104 + 252 = 0, -2*p + 60 = 2*l. Let n be (2/4)/((-82)/28 + 3). Calculate the greatest common divisor of p and n.
7
Suppose -4*j + 2*t = -80, j - 5*t = -j + 40. Calculate the highest common factor of 80 and j.
20
Suppose 24 = 4*z - 0*z + b, -z = 4*b - 21. Suppose z*o + 5 = 5*k, 2*o - 3*k = -2 - 4. Calculate the highest common divisor of 2 and o.
1
Let i = 10 - 8. Calculate the greatest common factor of i and 22.
2
Let d = -3 + 8. Let c(l) = 2*l - 7. Let h be c(5). Let k be (16/(-6) + 3)*h. What is the highest common divisor of d and k?
1
Let f(n) = n**3 - 6*n**2 - 3*n - 7. Let l be f(9). Calculate the greatest common factor of l and 19.
19
Let d be 12/(-12)*(-23 - 1). Suppose -b - 8 = -d. Suppose 412 = 3*s - 4*r, 5*r = 25 - 0. What is the highest common divisor of s and b?
16
Suppose 2*m - 16 = -0*m. What is the greatest common factor of 16 and m?
8
Let h = -14 - -26. Calculate the greatest common divisor of h and 12.
12
Suppose 5*y + 50 = j, -2*j = j - 3*y - 162. What is the highest common factor of j and 5?
5
Let r(t) = 25*t + 6. Let o(x) = 26*x + 5. Let p(z) = 6*o(z) - 5*r(z). Let l be p(2). Calculate the greatest common factor of l and 31.
31
Let n = -9 - -26. What is the highest common divisor of n and 85?
17
Suppose -3*z + 0 = -33. Suppose -3*a = n - z, 4*n - 8*n = -20. Suppose a*s = 4*s - 88. What is the greatest common factor of 11 and s?
11
Suppose 4*q = 20 + 108. Suppose 3*v = q + 82. Calculate the greatest common divisor of 57 and v.
19
Let j(g) = g + 1. Let i be j(1). Suppose 0 - 12 = -i*c. Suppose 30 = 3*s - 4*d, 4*s + d = -1 + 22. What is the greatest common factor of c and s?
6
Let d(a) = -4*a**2 - 4*a + 1. Let u(k) = k - 1. Suppose 3*b - 2*b = -2. Let s(f) = b*u(f) - d(f). Let v be s(-1). What is the highest common factor of v and 6?
3
Suppose -13 = -w + 23. What is the highest common divisor of 12 and w?
12
Suppose 0 = 3*w - w + 2*x - 44, -3*w + 3*x = -48. Calculate the greatest common divisor of 19 and w.
19
Let b = -12 + 17. Let j = 3 - b. Let z be ((-3)/j)/(3/30). Calculate the highest common divisor of z and 165.
15
Let r(w) = -10*w**3 + w + 5. Suppose 12*a = 8*a - 12. Let s be r(a). Calculate the highest common divisor of 34 and s.
34
Let m(l) = 3*l + 5. Let b(u) = 10 - 2 + 6 - 6*u + 14*u. Let n(c) = 4*b(c) - 11*m(c). Let p be n(-4). What is the highest common factor of 2 and p?
1
Suppose 6 = x + x. Calculate the highest common factor of 33 and x.
3
Suppose -4*q + 68 = 3*f, 3*q = 4*f - 4 + 55. Let o = 588 + -1054. Let y = 653 + o. Calculate the highest common divisor of q and y.
17
Suppose l + l - 4 = 0. Suppose -3*a + 4*z = -178, -l*z = -1 + 9. What is the highest common divisor of a and 81?
27
Let w be (4/26 - 848/104)*-1. What is the highest common factor of 88 and w?
8
Suppose -5*b = -5*o + 25, -4*o = 4*b - 3*b - 35. Let n(c) = -o + 2*c**2 - 3*c + c**2 - 2*c**2. Let l be n(6). Calculate the highest common factor of l and 80.
10
Let a be (14/4)/((-3)/(-6)). Suppose a = 3*y - t - 3, 0 = 2*y - t - 7. What is the highest common factor of y and 27?
3
Let v = -91 - -126. What is the greatest common divisor of v and 7?
7
Suppose -27 + 7 = -5*x. What is the greatest common factor of x and 2?
2
Suppose 136 = 5*u - 94. Let h = u - 26. Suppose 2*q + 3*q = 700. What is the highest common divisor of q and h?
20
Let h be 2/(-4)*-10 + -1. Suppose -h = -3*g + 11. Calculate the greatest common divisor of g and 1.
1
Let i = 1 - 0. Let m be 43 - ((-4 - -1) + i). Suppose -23 - 2 = -5*w. What is the highest common factor of m and w?
5
Let z be ((-1)/(-1) - 8) + 1. Let c be 0 - (z + (1 - 0)). Suppose c*s = 20 + 30. Calculate the highest common divisor of 30 and s.
10
Let y be 6 + 25 - (1 - (-2 + 2)). What is the highest common factor of 12 and y?
6
Suppose -5*z = -c + 31, -4*z = 4*c + 8 + 12. Let i be -3 - ((1 - 2) + z). Calculate the highest common divisor of 4 and i.
4
Let d be (3/4)/(1/12). Suppose 3*l + 0*l - 3 = 0. What is the highest common factor of d and l?
1
Let z(n) = -17*n + 8. Let g be z(-6). What is the greatest common factor of g and 10?
10
Let v = 129 + -41. Calculate the highes